{"id":529,"date":"2022-02-25T14:16:27","date_gmt":"2022-02-25T14:16:27","guid":{"rendered":"http:\/\/mycmueblesycolchones.com\/?page_id=529"},"modified":"2022-02-25T14:16:27","modified_gmt":"2022-02-25T14:16:27","slug":"trabaje-con-nosotros","status":"publish","type":"page","link":"https:\/\/aousa.llc\/?page_id=529","title":{"rendered":"Trabaje con Nosotros"},"content":{"rendered":"<p>El activo m\u00e1s valioso que existe en MYC es el cliente, a trav\u00e9s de nuestro equipo de talento humano le servimos y brindamos siempre la atenci\u00f3n oportuna en cada una de<br \/>\nlas necesidades de nuestros clientes.<br \/>\n<b style=\"color: #666666; font-family: 'Open sans', sans-serif; font-size: 14px; letter-spacing: normal; text-align: justify; word-spacing: 0px; background-color: var(--blanco);\">Env\u00edanos tu hoja de vida, siempre estamos en busca de gente talentosa como t\u00fa.<\/b><\/p>\n<p style=\"margin: 0px 0px 20px; color: #666666; font-family: 'Open sans', sans-serif; font-size: 14px; letter-spacing: normal; text-align: justify; word-spacing: 0px;\">Diligencia los siguientes datos:<\/p>\n\n","protected":false},"excerpt":{"rendered":"<p>El activo m\u00e1s valioso que existe en MYC es el cliente, a trav\u00e9s de nuestro equipo de talento humano le servimos y brindamos siempre la atenci\u00f3n oportuna en cada una de las necesidades de nuestros clientes. Env\u00edanos tu hoja de vida, siempre estamos en busca de gente talentosa como t\u00fa. Diligencia los siguientes datos:<\/p>\n","protected":false},"author":1,"featured_media":0,"parent":0,"menu_order":0,"comment_status":"closed","ping_status":"closed","template":"","meta":{"footnotes":""},"class_list":["post-529","page","type-page","status-publish","hentry"],"yoast_head":"<!-- This site is optimized with the Yoast SEO plugin v19.13 - https:\/\/yoast.com\/wordpress\/plugins\/seo\/ -->\n<title>Trabaje con Nosotros - AO-US<\/title>\n<meta name=\"robots\" content=\"index, follow, max-snippet:-1, max-image-preview:large, max-video-preview:-1\" \/>\n<link rel=\"canonical\" href=\"https:\/\/aousa.llc\/?page_id=529\" \/>\n<meta property=\"og:locale\" content=\"es_ES\" \/>\n<meta property=\"og:type\" content=\"article\" \/>\n<meta property=\"og:title\" content=\"Trabaje con Nosotros - AO-US\" \/>\n<meta property=\"og:description\" content=\"El activo m\u00e1s valioso que existe en MYC es el cliente, a trav\u00e9s de nuestro equipo de talento humano le servimos y brindamos siempre la atenci\u00f3n oportuna en cada una de las necesidades de nuestros clientes. Env\u00edanos tu hoja de vida, siempre estamos en busca de gente talentosa como t\u00fa. Diligencia los siguientes datos:\" \/>\n<meta property=\"og:url\" content=\"https:\/\/aousa.llc\/?page_id=529\" \/>\n<meta property=\"og:site_name\" content=\"AO-US\" \/>\n<meta name=\"twitter:card\" content=\"summary_large_image\" \/>\n<meta name=\"twitter:label1\" content=\"Tiempo estimado de lectura\" \/>\n\t<meta name=\"twitter:data1\" content=\"1 minuto\" \/>\n<script type=\"application\/ld+json\" class=\"yoast-schema-graph\">{\"@context\":\"https:\/\/schema.org\",\"@graph\":[{\"@type\":\"WebPage\",\"@id\":\"https:\/\/aousa.llc\/?page_id=529\",\"url\":\"https:\/\/aousa.llc\/?page_id=529\",\"name\":\"Trabaje con Nosotros - AO-US\",\"isPartOf\":{\"@id\":\"https:\/\/aousa.llc\/#website\"},\"datePublished\":\"2022-02-25T14:16:27+00:00\",\"dateModified\":\"2022-02-25T14:16:27+00:00\",\"breadcrumb\":{\"@id\":\"https:\/\/aousa.llc\/?page_id=529#breadcrumb\"},\"inLanguage\":\"es-CO\",\"potentialAction\":[{\"@type\":\"ReadAction\",\"target\":[\"https:\/\/aousa.llc\/?page_id=529\"]}]},{\"@type\":\"BreadcrumbList\",\"@id\":\"https:\/\/aousa.llc\/?page_id=529#breadcrumb\",\"itemListElement\":[{\"@type\":\"ListItem\",\"position\":1,\"name\":\"Inicio\",\"item\":\"https:\/\/aousa.llc\/\"},{\"@type\":\"ListItem\",\"position\":2,\"name\":\"Trabaje con Nosotros\"}]},{\"@type\":\"WebSite\",\"@id\":\"https:\/\/aousa.llc\/#website\",\"url\":\"https:\/\/aousa.llc\/\",\"name\":\"AO-US\",\"description\":\"\",\"potentialAction\":[{\"@type\":\"SearchAction\",\"target\":{\"@type\":\"EntryPoint\",\"urlTemplate\":\"https:\/\/aousa.llc\/?s={search_term_string}\"},\"query-input\":\"required name=search_term_string\"}],\"inLanguage\":\"es-CO\"}]}<\/script>\n<!-- \/ Yoast SEO plugin. -->","yoast_head_json":{"title":"Trabaje con Nosotros - AO-US","robots":{"index":"index","follow":"follow","max-snippet":"max-snippet:-1","max-image-preview":"max-image-preview:large","max-video-preview":"max-video-preview:-1"},"canonical":"https:\/\/aousa.llc\/?page_id=529","og_locale":"es_ES","og_type":"article","og_title":"Trabaje con Nosotros - AO-US","og_description":"El activo m\u00e1s valioso que existe en MYC es el cliente, a trav\u00e9s de nuestro equipo de talento humano le servimos y brindamos siempre la atenci\u00f3n oportuna en cada una de las necesidades de nuestros clientes. Env\u00edanos tu hoja de vida, siempre estamos en busca de gente talentosa como t\u00fa. Diligencia los siguientes datos:","og_url":"https:\/\/aousa.llc\/?page_id=529","og_site_name":"AO-US","twitter_card":"summary_large_image","twitter_misc":{"Tiempo estimado de lectura":"1 minuto"},"schema":{"@context":"https:\/\/schema.org","@graph":[{"@type":"WebPage","@id":"https:\/\/aousa.llc\/?page_id=529","url":"https:\/\/aousa.llc\/?page_id=529","name":"Trabaje con Nosotros - AO-US","isPartOf":{"@id":"https:\/\/aousa.llc\/#website"},"datePublished":"2022-02-25T14:16:27+00:00","dateModified":"2022-02-25T14:16:27+00:00","breadcrumb":{"@id":"https:\/\/aousa.llc\/?page_id=529#breadcrumb"},"inLanguage":"es-CO","potentialAction":[{"@type":"ReadAction","target":["https:\/\/aousa.llc\/?page_id=529"]}]},{"@type":"BreadcrumbList","@id":"https:\/\/aousa.llc\/?page_id=529#breadcrumb","itemListElement":[{"@type":"ListItem","position":1,"name":"Inicio","item":"https:\/\/aousa.llc\/"},{"@type":"ListItem","position":2,"name":"Trabaje con Nosotros"}]},{"@type":"WebSite","@id":"https:\/\/aousa.llc\/#website","url":"https:\/\/aousa.llc\/","name":"AO-US","description":"","potentialAction":[{"@type":"SearchAction","target":{"@type":"EntryPoint","urlTemplate":"https:\/\/aousa.llc\/?s={search_term_string}"},"query-input":"required name=search_term_string"}],"inLanguage":"es-CO"}]}},"_links":{"self":[{"href":"https:\/\/aousa.llc\/index.php?rest_route=\/wp\/v2\/pages\/529","targetHints":{"allow":["GET"]}}],"collection":[{"href":"https:\/\/aousa.llc\/index.php?rest_route=\/wp\/v2\/pages"}],"about":[{"href":"https:\/\/aousa.llc\/index.php?rest_route=\/wp\/v2\/types\/page"}],"author":[{"embeddable":true,"href":"https:\/\/aousa.llc\/index.php?rest_route=\/wp\/v2\/users\/1"}],"replies":[{"embeddable":true,"href":"https:\/\/aousa.llc\/index.php?rest_route=%2Fwp%2Fv2%2Fcomments&post=529"}],"version-history":[{"count":0,"href":"https:\/\/aousa.llc\/index.php?rest_route=\/wp\/v2\/pages\/529\/revisions"}],"wp:attachment":[{"href":"https:\/\/aousa.llc\/index.php?rest_route=%2Fwp%2Fv2%2Fmedia&parent=529"}],"curies":[{"name":"wp","href":"https:\/\/api.w.org\/{rel}","templated":true}]}}