{"id":582,"date":"2022-02-25T16:13:10","date_gmt":"2022-02-25T16:13:10","guid":{"rendered":"http:\/\/mycmueblesycolchones.com\/?page_id=582"},"modified":"2022-02-25T16:13:10","modified_gmt":"2022-02-25T16:13:10","slug":"pqr","status":"publish","type":"page","link":"https:\/\/aousa.llc\/?page_id=582","title":{"rendered":"PQR"},"content":{"rendered":"<h3><strong>Formulario de registro de petici\u00f3n, queja o recurso\u00a0<label>(PQR)<\/label><\/strong><\/h3>\n<div id=\"quform-3f549e\" class=\"quform quform-1 quform-support-page-caching\"><form id=\"quform-form-3f549e\" class=\"quform-form quform-form-1\" action=\"\/index.php?rest_route=%2Fwp%2Fv2%2Fpages%2F582#quform-3f549e\" method=\"post\" enctype=\"multipart\/form-data\" novalidate=\"novalidate\" data-options=\"{&quot;id&quot;:1,&quot;uniqueId&quot;:&quot;3f549e&quot;,&quot;theme&quot;:&quot;&quot;,&quot;ajax&quot;:true,&quot;logic&quot;:{&quot;logic&quot;:[],&quot;dependents&quot;:[],&quot;elementIds&quot;:[],&quot;dependentElementIds&quot;:[],&quot;animate&quot;:true},&quot;currentPageId&quot;:1,&quot;errorsIcon&quot;:&quot;&quot;,&quot;updateFancybox&quot;:true,&quot;hasPages&quot;:false,&quot;pages&quot;:[1],&quot;pageProgressType&quot;:&quot;numbers&quot;,&quot;tooltipsEnabled&quot;:true,&quot;tooltipClasses&quot;:&quot;qtip-quform-dark qtip-shadow&quot;,&quot;tooltipMy&quot;:&quot;left center&quot;,&quot;tooltipAt&quot;:&quot;right center&quot;,&quot;isRtl&quot;:false,&quot;scrollOffset&quot;:-50,&quot;scrollSpeed&quot;:800}\"><button class=\"quform-default-submit\" name=\"quform_submit\" type=\"submit\" value=\"submit\" aria-hidden=\"true\" tabindex=\"-1\"><\/button><div class=\"quform-form-inner quform-form-inner-1\"><input type=\"hidden\" name=\"quform_form_id\" value=\"1\" \/><input type=\"hidden\" name=\"quform_form_uid\" value=\"3f549e\" \/><input type=\"hidden\" name=\"quform_count\" value=\"1\" \/><input type=\"hidden\" name=\"form_url\" value=\"https:\/\/aousa.llc\/index.php?rest_route=%2Fwp%2Fv2%2Fpages%2F582\" \/><input type=\"hidden\" name=\"referring_url\" value=\"\" \/><input type=\"hidden\" name=\"post_id\" value=\"\" \/><input type=\"hidden\" name=\"post_title\" value=\"\" \/><input type=\"hidden\" name=\"quform_current_page_id\" value=\"1\" \/><input type=\"hidden\" name=\"quform_csrf_token\" value=\"fCXCNTuvzsaIiEETsJMj7xicDctZhPkOWHdHMEeX\" \/><div class=\"quform-elements quform-elements-1 quform-cf quform-responsive-elements-phone-landscape\"><div class=\"quform-element quform-element-page quform-page-1 quform-page-1_1 quform-cf quform-group-style-plain quform-first-page quform-last-page quform-current-page\"><div class=\"quform-child-elements\"><div class=\"quform-element quform-element-row quform-element-row-1_4 quform-2-columns quform-element-row-size-fixed quform-responsive-columns-phone-landscape\"><div class=\"quform-element quform-element-column quform-element-1_5\"><div class=\"quform-element quform-element-text quform-element-1_3 quform-cf quform-element-required\"><div class=\"quform-spacer\"><div class=\"quform-label quform-label-1_3\"><label class=\"quform-label-text\" for=\"quform_1_3_3f549e\">Nombre y Apellido<span class=\"quform-required\">*<\/span><\/label><\/div><div class=\"quform-inner quform-inner-text quform-inner-1_3\"><div class=\"quform-input quform-input-text quform-input-1_3 quform-cf\"><input type=\"text\" id=\"quform_1_3_3f549e\" name=\"quform_1_3\" class=\"quform-field quform-field-text quform-field-1_3\" \/><\/div><\/div><\/div><\/div><div class=\"quform-element quform-element-select quform-element-1_7 quform-cf quform-element-required\"><div class=\"quform-spacer\"><div class=\"quform-label quform-label-1_7\"><label class=\"quform-label-text\" for=\"quform_1_7_3f549e\">Servicios<span class=\"quform-required\">*<\/span><\/label><\/div><div class=\"quform-inner quform-inner-select quform-inner-1_7\"><div class=\"quform-input quform-input-select quform-input-1_7 quform-cf\"><select id=\"quform_1_7_3f549e\" name=\"quform_1_7\" class=\"quform-field quform-field-select quform-field-1_7\"><option value=\"\" selected=\"selected\">Por favor seleccionar<\/option><option value=\"Casas\">Casas<\/option><option value=\"Transporte de Carga\">Transporte de Carga<\/option><\/select><\/div><\/div><\/div><\/div><\/div><div class=\"quform-element quform-element-column quform-element-1_6\"><div class=\"quform-element quform-element-text quform-element-1_11 quform-cf quform-element-required\"><div class=\"quform-spacer\"><div class=\"quform-label quform-label-1_11\"><label class=\"quform-label-text\" for=\"quform_1_11_3f549e\">N\u00famero de celular<span class=\"quform-required\">*<\/span><\/label><\/div><div class=\"quform-inner quform-inner-text quform-inner-1_11\"><div class=\"quform-input quform-input-text quform-input-1_11 quform-cf\"><input type=\"text\" id=\"quform_1_11_3f549e\" name=\"quform_1_11\" class=\"quform-field quform-field-text quform-field-1_11\" \/><\/div><\/div><\/div><\/div><\/div><\/div><div class=\"quform-element quform-element-row quform-element-row-1_13 quform-2-columns quform-element-row-size-fixed quform-responsive-columns-phone-landscape\"><div class=\"quform-element quform-element-column quform-element-1_14\"><div class=\"quform-element quform-element-text quform-element-1_12 quform-cf quform-element-optional\"><div class=\"quform-spacer\"><div class=\"quform-label quform-label-1_12\"><label class=\"quform-label-text\" for=\"quform_1_12_3f549e\">Estado <\/label><\/div><div class=\"quform-inner quform-inner-text quform-inner-1_12\"><div class=\"quform-input quform-input-text quform-input-1_12 quform-cf\"><input type=\"text\" id=\"quform_1_12_3f549e\" name=\"quform_1_12\" class=\"quform-field quform-field-text quform-field-1_12\" \/><\/div><\/div><\/div><\/div><div class=\"quform-element quform-element-textarea quform-element-1_18 quform-cf quform-element-optional\"><div class=\"quform-spacer\"><div class=\"quform-label quform-label-1_18\"><label class=\"quform-label-text\" for=\"quform_1_18_3f549e\">Mensaje<\/label><\/div><div class=\"quform-inner quform-inner-textarea quform-inner-1_18 quform-field-size-slim\"><div class=\"quform-input quform-input-textarea quform-input-1_18 quform-cf\"><textarea id=\"quform_1_18_3f549e\" name=\"quform_1_18\" class=\"quform-field quform-field-textarea quform-field-1_18\"><\/textarea><\/div><\/div><\/div><\/div><\/div><div class=\"quform-element quform-element-column quform-element-1_15\"><div class=\"quform-element quform-element-email quform-element-1_17 quform-cf quform-element-required\"><div class=\"quform-spacer\"><div class=\"quform-label quform-label-1_17\"><label class=\"quform-label-text\" for=\"quform_1_17_3f549e\">Mail<span class=\"quform-required\">*<\/span><\/label><\/div><div class=\"quform-inner quform-inner-email quform-inner-1_17\"><div class=\"quform-input quform-input-email quform-input-1_17 quform-cf\"><input type=\"email\" id=\"quform_1_17_3f549e\" name=\"quform_1_17\" class=\"quform-field quform-field-email quform-field-1_17\" \/><\/div><\/div><\/div><\/div><div class=\"quform-element quform-element-captcha quform-element-1_20 quform-cf quform-element-required\"><div class=\"quform-spacer\"><div class=\"quform-label quform-label-1_20\"><label class=\"quform-label-text\" for=\"quform_1_20_3f549e\">Por favor escribe los caracteres<span class=\"quform-required\">*<\/span><\/label><\/div><div class=\"quform-inner quform-inner-captcha quform-inner-1_20\"><div class=\"quform-input quform-input-captcha quform-input-1_20 quform-cf\"><input type=\"text\" id=\"quform_1_20_3f549e\" name=\"quform_1_20\" class=\"quform-field quform-field-captcha quform-field-1_20\" \/><\/div><div class=\"quform-captcha quform-cf\"><div class=\"quform-captcha-image quform-captcha-image-1_20\"><img loading=\"lazy\" decoding=\"async\" src=\"data:image\/png;base64,iVBORw0KGgoAAAANSUhEUgAAAOYAAABQBAMAAAD\/1xTgAAAAG1BMVEX\/\/\/8iIiLj4+OQkJA9PT3Hx8dZWVl0dHSsrKwfUEsJAAAACXBIWXMAAA7EAAAOxAGVKw4bAAADa0lEQVRoge1XzVfaQBCHQCBHB9PgkbSiHqVPrUe2VbyGKq8eTfHjakpf6xFq1X+7M5P4yO4mJG3BHrq\/CzA7O98zO1QqBgYGBgYGBgYGBgZlYP8DnWH\/xVU68Koc45u3i8+79wUMczTAO\/pShlG4nSzy6fd9\/twEaJfVWQUAN1jI0q2JcVABuM0428Prx\/Slh2LK6pzhJQ7vxzwOizjcSQh9mX56eRNs0RlM8dfZAKCszghOBECAsdnN4bAhQUpn993VGVK8EE4OAFqJpA6b2CnUiWlqALzHG3m1ZEG72yOd89hi8tzYjjb9WGdiDwJrNBpFhSGu0YUQMyqSm1lmoR+PRyHMs84J8R7QkguqfC8hTtk0KHK0Tu75AOthftmFHLsodb41CCmLVpzKJJFD2BWU+XGBSmRskaWEXD8jOnHkEvKZPeIiELFnPtzuXQIs7gFCj0VxTFq5Ol02ThJWZfYZ5ziJehUD3VSLd3us2zDkWw4FJa9u0SIsJCGHvs46h5RP9HYak\/p6JUYA444iz57wx9aiKeK3aVz1JVqThVeZGnuLLGu1OMEphNT9T9eHutRPmPqpTk5gBeSrHIYabFRkb9GM1oypaQyT3m53lINHJBYMaKF0gMNxabC3fhwDNAPUWVWxnhKlxzKdJkrBmLeTHlQITfarCmuxGdS02tUoUSrVEiYBPi9WiTxqunmiO9wxDWhZlecZqUnC8vxwvkejLgVsFDULGppa9wqoPHu7jYPwFb8FXg\/UFw+pSLJCSYCj+p2FhqaTm9ICtxv8JPfIapyEjuIPRzGus\/QY9qHEpqDr5KbcofHFA4+6RbgsO1BucicNpWERaj2VgaaWzxnc7W9yF8y8yY9EEkZbwMZ9WmuVo\/hVpP20s2pNQ01lOqdmp+dlMK\/4CF53aqH80MZBteVx3lwwaNOWyTobvDtsDg5T2wWZ0e4pjztWaDvWmcqzn73nqBByPuso5EYeI2wGFe71XSdFDrm8euCliLPiN5awI1eGfbOv3qJlDq4cZa2ykjCO0uxRmXSWgXM9eVDt4E680IhR8UD4GzSz3siZNpaXinrWwHG+FS8Tf4zzwC+\/9S4HDrhiWeVSFo3M13q1qPHr5uUuWivBk0h2\/ZeEfQC\/8X9tiVpXOgCy0V1hMxoYGBgYGBj8N\/gFJJB8qsO\/FsAAAAAASUVORK5CYII=\" alt=\"CAPTCHA image\" data-element-id=\"20\" width=\"115\" height=\"40\" \/><\/div><\/div><p class=\"quform-description quform-description-below\">Esto nos ayuda a prevenir el spam, gracias.<\/p><\/div><\/div><\/div><\/div><\/div><div class=\"quform-element quform-element-html quform-element-1_21 quform-cf\"><div class=\"quform-spacer\">Al enviar este formulario, usted acepta las pol\u00edticas de procesamiento de datos y los t\u00e9rminos y condiciones estipulados aqu\u00ed en http:\/\/aousa.llc\/<\/div><\/div><div class=\"quform-element quform-element-submit quform-element-1_2 quform-cf quform-button-style-theme\"><div class=\"quform-button-submit quform-button-submit-default quform-button-submit-1_2\"><button name=\"quform_submit\" type=\"submit\" class=\"quform-submit\" value=\"submit\"><span class=\"quform-button-text quform-button-submit-text\">Enviar<\/span><\/button><\/div><div class=\"quform-loading quform-loading-position-left quform-loading-type-spinner-1\"><div class=\"quform-loading-inner\"><div class=\"quform-loading-spinner\"><div class=\"quform-loading-spinner-inner\"><\/div><\/div><\/div><\/div><\/div><div class=\"quform-element-tree\"><label for=\"quform_1_0_3f549e\">This field should be left blank<\/label><input type=\"text\" id=\"quform_1_0_3f549e\" name=\"quform_1_0\" class=\"quform-field quform-field-tree quform-field-1_0\" tabindex=\"-1\" autocomplete=\"off\" \/><\/div><\/div><\/div><\/div><\/div><\/form><\/div>\n","protected":false},"excerpt":{"rendered":"<p>Formulario de registro de petici\u00f3n, queja o recurso\u00a0(PQR)<\/p>\n","protected":false},"author":1,"featured_media":0,"parent":0,"menu_order":0,"comment_status":"closed","ping_status":"closed","template":"","meta":{"footnotes":""},"class_list":["post-582","page","type-page","status-publish","hentry"],"yoast_head":"<!-- This site is optimized with the Yoast SEO plugin v19.13 - https:\/\/yoast.com\/wordpress\/plugins\/seo\/ -->\n<title>PQR - AO-US<\/title>\n<meta name=\"robots\" content=\"index, follow, max-snippet:-1, max-image-preview:large, max-video-preview:-1\" \/>\n<link rel=\"canonical\" href=\"https:\/\/aousa.llc\/?page_id=582\" \/>\n<meta property=\"og:locale\" content=\"es_ES\" \/>\n<meta property=\"og:type\" content=\"article\" \/>\n<meta property=\"og:title\" content=\"PQR - AO-US\" \/>\n<meta property=\"og:description\" content=\"Formulario de registro de petici\u00f3n, queja o recurso\u00a0(PQR)\" \/>\n<meta property=\"og:url\" content=\"https:\/\/aousa.llc\/?page_id=582\" \/>\n<meta property=\"og:site_name\" content=\"AO-US\" \/>\n<meta name=\"twitter:card\" content=\"summary_large_image\" \/>\n<script type=\"application\/ld+json\" class=\"yoast-schema-graph\">{\"@context\":\"https:\/\/schema.org\",\"@graph\":[{\"@type\":\"WebPage\",\"@id\":\"https:\/\/aousa.llc\/?page_id=582\",\"url\":\"https:\/\/aousa.llc\/?page_id=582\",\"name\":\"PQR - AO-US\",\"isPartOf\":{\"@id\":\"https:\/\/aousa.llc\/#website\"},\"datePublished\":\"2022-02-25T16:13:10+00:00\",\"dateModified\":\"2022-02-25T16:13:10+00:00\",\"breadcrumb\":{\"@id\":\"https:\/\/aousa.llc\/?page_id=582#breadcrumb\"},\"inLanguage\":\"es-CO\",\"potentialAction\":[{\"@type\":\"ReadAction\",\"target\":[\"https:\/\/aousa.llc\/?page_id=582\"]}]},{\"@type\":\"BreadcrumbList\",\"@id\":\"https:\/\/aousa.llc\/?page_id=582#breadcrumb\",\"itemListElement\":[{\"@type\":\"ListItem\",\"position\":1,\"name\":\"Inicio\",\"item\":\"https:\/\/aousa.llc\/\"},{\"@type\":\"ListItem\",\"position\":2,\"name\":\"PQR\"}]},{\"@type\":\"WebSite\",\"@id\":\"https:\/\/aousa.llc\/#website\",\"url\":\"https:\/\/aousa.llc\/\",\"name\":\"AO-US\",\"description\":\"\",\"potentialAction\":[{\"@type\":\"SearchAction\",\"target\":{\"@type\":\"EntryPoint\",\"urlTemplate\":\"https:\/\/aousa.llc\/?s={search_term_string}\"},\"query-input\":\"required name=search_term_string\"}],\"inLanguage\":\"es-CO\"}]}<\/script>\n<!-- \/ Yoast SEO plugin. -->","yoast_head_json":{"title":"PQR - AO-US","robots":{"index":"index","follow":"follow","max-snippet":"max-snippet:-1","max-image-preview":"max-image-preview:large","max-video-preview":"max-video-preview:-1"},"canonical":"https:\/\/aousa.llc\/?page_id=582","og_locale":"es_ES","og_type":"article","og_title":"PQR - AO-US","og_description":"Formulario de registro de petici\u00f3n, queja o recurso\u00a0(PQR)","og_url":"https:\/\/aousa.llc\/?page_id=582","og_site_name":"AO-US","twitter_card":"summary_large_image","schema":{"@context":"https:\/\/schema.org","@graph":[{"@type":"WebPage","@id":"https:\/\/aousa.llc\/?page_id=582","url":"https:\/\/aousa.llc\/?page_id=582","name":"PQR - AO-US","isPartOf":{"@id":"https:\/\/aousa.llc\/#website"},"datePublished":"2022-02-25T16:13:10+00:00","dateModified":"2022-02-25T16:13:10+00:00","breadcrumb":{"@id":"https:\/\/aousa.llc\/?page_id=582#breadcrumb"},"inLanguage":"es-CO","potentialAction":[{"@type":"ReadAction","target":["https:\/\/aousa.llc\/?page_id=582"]}]},{"@type":"BreadcrumbList","@id":"https:\/\/aousa.llc\/?page_id=582#breadcrumb","itemListElement":[{"@type":"ListItem","position":1,"name":"Inicio","item":"https:\/\/aousa.llc\/"},{"@type":"ListItem","position":2,"name":"PQR"}]},{"@type":"WebSite","@id":"https:\/\/aousa.llc\/#website","url":"https:\/\/aousa.llc\/","name":"AO-US","description":"","potentialAction":[{"@type":"SearchAction","target":{"@type":"EntryPoint","urlTemplate":"https:\/\/aousa.llc\/?s={search_term_string}"},"query-input":"required name=search_term_string"}],"inLanguage":"es-CO"}]}},"_links":{"self":[{"href":"https:\/\/aousa.llc\/index.php?rest_route=\/wp\/v2\/pages\/582","targetHints":{"allow":["GET"]}}],"collection":[{"href":"https:\/\/aousa.llc\/index.php?rest_route=\/wp\/v2\/pages"}],"about":[{"href":"https:\/\/aousa.llc\/index.php?rest_route=\/wp\/v2\/types\/page"}],"author":[{"embeddable":true,"href":"https:\/\/aousa.llc\/index.php?rest_route=\/wp\/v2\/users\/1"}],"replies":[{"embeddable":true,"href":"https:\/\/aousa.llc\/index.php?rest_route=%2Fwp%2Fv2%2Fcomments&post=582"}],"version-history":[{"count":0,"href":"https:\/\/aousa.llc\/index.php?rest_route=\/wp\/v2\/pages\/582\/revisions"}],"wp:attachment":[{"href":"https:\/\/aousa.llc\/index.php?rest_route=%2Fwp%2Fv2%2Fmedia&parent=582"}],"curies":[{"name":"wp","href":"https:\/\/api.w.org\/{rel}","templated":true}]}}